{"id":27,"date":"2023-07-04T11:33:47","date_gmt":"2023-07-04T09:33:47","guid":{"rendered":"https:\/\/dev-dr-kaya.justdo-it.at\/?page_id=27"},"modified":"2023-07-27T14:01:13","modified_gmt":"2023-07-27T12:01:13","slug":"impressum","status":"publish","type":"page","link":"https:\/\/dr-kaya.at\/?page_id=27","title":{"rendered":"Impressum"},"content":{"rendered":"\t\t<div data-elementor-type=\"wp-page\" data-elementor-id=\"27\" class=\"elementor elementor-27\" data-elementor-post-type=\"page\">\n\t\t\t\t\t\t<section data-particle_enable=\"false\" data-particle-mobile-disabled=\"false\" class=\"elementor-section elementor-top-section elementor-element elementor-element-9c24ed3 elementor-section-height-min-height elementor-section-items-top elementor-section-boxed elementor-section-height-default\" data-id=\"9c24ed3\" data-element_type=\"section\" data-e-type=\"section\" data-settings=\"{&quot;animation&quot;:&quot;none&quot;}\">\n\t\t\t\t\t\t\t<div class=\"elementor-background-overlay\"><\/div>\n\t\t\t\t\t\t\t<div class=\"elementor-container elementor-column-gap-custom\">\n\t\t\t\t\t<div class=\"elementor-column elementor-col-50 elementor-top-column elementor-element elementor-element-4f1b83e\" data-id=\"4f1b83e\" data-element_type=\"column\" data-e-type=\"column\">\n\t\t\t<div class=\"elementor-widget-wrap elementor-element-populated\">\n\t\t\t\t\t\t<div class=\"elementor-element elementor-element-42a0044 elementor-widget elementor-widget-heading\" data-id=\"42a0044\" data-element_type=\"widget\" data-e-type=\"widget\" data-widget_type=\"heading.default\">\n\t\t\t\t<div class=\"elementor-widget-container\">\n\t\t\t\t\t<h2 class=\"elementor-heading-title elementor-size-default\">Impressum<\/h2>\t\t\t\t<\/div>\n\t\t\t\t<\/div>\n\t\t\t\t<div class=\"elementor-element elementor-element-ae53fcd elementor-widget elementor-widget-text-editor\" data-id=\"ae53fcd\" data-element_type=\"widget\" data-e-type=\"widget\" data-widget_type=\"text-editor.default\">\n\t\t\t\t<div class=\"elementor-widget-container\">\n\t\t\t\t\t\t\t\t\t<p><span style=\"font-size: 10.0pt; line-height: 107%; font-family: 'Segoe UI',sans-serif; mso-fareast-font-family: 'Times New Roman'; color: #3c434a; mso-font-kerning: 0pt; mso-ligatures: none; mso-ansi-language: DE; mso-fareast-language: DE; mso-bidi-language: AR-SA;\">Information gem. \u00a7 5 ECG und Offenlegung gem. \u00a7 25 MedG<\/span><\/p><p><strong>Diensteanbieter, Autor und Gestalter:<\/strong><br \/>Dr. med. dent. KAYA Erkan<br \/>Herbststrasse 77-85\/10\/7<br \/>1160 Wien<br \/>Tel\/Fax: 01-4925317<br \/>Email: zahnarzt@dr-kaya.at<\/p><p><strong>Medieninhaber:<\/strong><br \/>Dr.med.dent. KAYA Erkan<\/p><p><strong>Grundlegende Richtung:<\/strong><br \/>Information f\u00fcr Patienten, \u00c4rzte und Interessenten die sich \u00fcber die T\u00e4tigkeit der Ordination Dr. med.dent. KAYA Erkan informieren wollen.<\/p><p><strong>Kammerzugeh\u00f6rigkeit:<\/strong><br \/>Mitglied in der Zahn\u00e4rztekammer f\u00fcr Wien<br \/>T\u00e4tigkeit nach Zahn\u00e4rztegesetz<\/p><p><strong>Zust\u00e4ndige Aufsichtsbeh\u00f6rde:<\/strong><br \/>Zahn\u00e4rztekammer Wien<\/p>\t\t\t\t\t\t\t\t<\/div>\n\t\t\t\t<\/div>\n\t\t\t\t\t<\/div>\n\t\t<\/div>\n\t\t\t\t<div class=\"elementor-column elementor-col-50 elementor-top-column elementor-element elementor-element-7b2143b\" data-id=\"7b2143b\" data-element_type=\"column\" data-e-type=\"column\">\n\t\t\t<div class=\"elementor-widget-wrap elementor-element-populated\">\n\t\t\t\t\t\t<div class=\"elementor-element elementor-element-4136690 elementor-widget elementor-widget-heading\" data-id=\"4136690\" data-element_type=\"widget\" data-e-type=\"widget\" data-widget_type=\"heading.default\">\n\t\t\t\t<div class=\"elementor-widget-container\">\n\t\t\t\t\t<h2 class=\"elementor-heading-title elementor-size-default\">Datenschutz<\/h2>\t\t\t\t<\/div>\n\t\t\t\t<\/div>\n\t\t\t\t<div class=\"elementor-element elementor-element-3f590ba elementor-widget elementor-widget-text-editor\" data-id=\"3f590ba\" data-element_type=\"widget\" data-e-type=\"widget\" data-widget_type=\"text-editor.default\">\n\t\t\t\t<div class=\"elementor-widget-container\">\n\t\t\t\t\t\t\t\t\t<p><strong>Haftung:<\/strong><br \/>S\u00e4mtliche Texte auf der Website wurden sorgf\u00e4ltig gepr\u00fcft. Dessen ungeachtet kann keine Garantie f\u00fcr Richtigkeit, Vollst\u00e4ndigkeit und Aktualit\u00e4t der Angaben \u00fcbernommen werden.<\/p><p><strong>Copyright:<\/strong><br \/>S\u00e4mtliche Texte, Grafiken und Bilder sind urheberrechtlich gesch\u00fctzt; eine Verwendung ist nur mit ausdr\u00fccklicher Genehmigung des Medieninhabers zul\u00e4ssig.<\/p><p><strong>Links:<\/strong><br \/>Links auf diese Website &#8211; auch auf Seiten in der Tiefe &#8211; sind erw\u00fcnscht. Eine \u00dcbernahme des Hauptfensters in ein Frame-Set des Linksetzers ist unzul\u00e4ssig. Eigene Links auf fremde Seiten stellen nur Wegweiser zu diesen Seiten dar. Der Herausgeber identifiziert sich nicht mit dem Inhalt der Seiten, auf die gelinkt wird und \u00fcbernimmt daf\u00fcr keine Haftung; er setzt bewusst auch Links auf Seiten, auf denen andere Meinungen vertreten werden, um den Usern ein m\u00f6glichst breites Spektrum zu bieten. Sollte eine der Seiten, auf die gelinkt wird, bedenkliche oder rechtswidrige Inhalte aufweisen, wird um Mitteilung ersucht; in einem solchen Falle wird der Link sofort gel\u00f6scht.<\/p>\t\t\t\t\t\t\t\t<\/div>\n\t\t\t\t<\/div>\n\t\t\t\t\t<\/div>\n\t\t<\/div>\n\t\t\t\t\t<\/div>\n\t\t<\/section>\n\t\t\t\t<\/div>\n\t\t","protected":false},"excerpt":{"rendered":"<p>Impressum Information gem. \u00a7 5 ECG und Offenlegung gem. \u00a7 25 MedG Diensteanbieter, Autor und Gestalter:Dr. med. dent. KAYA ErkanHerbststrasse 77-85\/10\/71160 WienTel\/Fax: 01-4925317Email: zahnarzt@dr-kaya.at Medieninhaber:Dr.med.dent. KAYA Erkan Grundlegende Richtung:Information f\u00fcr Patienten, \u00c4rzte und Interessenten die sich \u00fcber die T\u00e4tigkeit der Ordination Dr. med.dent. KAYA Erkan informieren wollen. Kammerzugeh\u00f6rigkeit:Mitglied in der Zahn\u00e4rztekammer f\u00fcr WienT\u00e4tigkeit nach Zahn\u00e4rztegesetz [&hellip;]<\/p>\n","protected":false},"author":1,"featured_media":0,"parent":0,"menu_order":0,"comment_status":"closed","ping_status":"closed","template":"","meta":{"footnotes":""},"class_list":["post-27","page","type-page","status-publish","hentry"],"yoast_head":"<!-- This site is optimized with the Yoast SEO plugin v27.3 - https:\/\/yoast.com\/product\/yoast-seo-wordpress\/ -->\n<title>Impressum - Dr. med. dent. Erkan Kaya \u2013 Zahnarzt<\/title>\n<meta name=\"robots\" content=\"index, follow, max-snippet:-1, max-image-preview:large, max-video-preview:-1\" \/>\n<link rel=\"canonical\" href=\"https:\/\/dr-kaya.at\/?page_id=27\" \/>\n<meta property=\"og:locale\" content=\"de_DE\" \/>\n<meta property=\"og:type\" content=\"article\" \/>\n<meta property=\"og:title\" content=\"Impressum - Dr. med. dent. Erkan Kaya \u2013 Zahnarzt\" \/>\n<meta property=\"og:description\" content=\"Impressum Information gem. \u00a7 5 ECG und Offenlegung gem. \u00a7 25 MedG Diensteanbieter, Autor und Gestalter:Dr. med. dent. KAYA ErkanHerbststrasse 77-85\/10\/71160 WienTel\/Fax: 01-4925317Email: zahnarzt@dr-kaya.at Medieninhaber:Dr.med.dent. KAYA Erkan Grundlegende Richtung:Information f\u00fcr Patienten, \u00c4rzte und Interessenten die sich \u00fcber die T\u00e4tigkeit der Ordination Dr. med.dent. KAYA Erkan informieren wollen. Kammerzugeh\u00f6rigkeit:Mitglied in der Zahn\u00e4rztekammer f\u00fcr WienT\u00e4tigkeit nach Zahn\u00e4rztegesetz [&hellip;]\" \/>\n<meta property=\"og:url\" content=\"https:\/\/dr-kaya.at\/?page_id=27\" \/>\n<meta property=\"og:site_name\" content=\"Dr. med. dent. Erkan Kaya \u2013 Zahnarzt\" \/>\n<meta property=\"article:modified_time\" content=\"2023-07-27T12:01:13+00:00\" \/>\n<meta name=\"twitter:card\" content=\"summary_large_image\" \/>\n<meta name=\"twitter:label1\" content=\"Gesch\u00e4tzte Lesezeit\" \/>\n\t<meta name=\"twitter:data1\" content=\"2\u00a0Minuten\" \/>\n<script type=\"application\/ld+json\" class=\"yoast-schema-graph\">{\"@context\":\"https:\\\/\\\/schema.org\",\"@graph\":[{\"@type\":\"WebPage\",\"@id\":\"https:\\\/\\\/dr-kaya.at\\\/?page_id=27\",\"url\":\"https:\\\/\\\/dr-kaya.at\\\/?page_id=27\",\"name\":\"Impressum - Dr. med. dent. Erkan Kaya \u2013 Zahnarzt\",\"isPartOf\":{\"@id\":\"https:\\\/\\\/dr-kaya.at\\\/#website\"},\"datePublished\":\"2023-07-04T09:33:47+00:00\",\"dateModified\":\"2023-07-27T12:01:13+00:00\",\"breadcrumb\":{\"@id\":\"https:\\\/\\\/dr-kaya.at\\\/?page_id=27#breadcrumb\"},\"inLanguage\":\"de\",\"potentialAction\":[{\"@type\":\"ReadAction\",\"target\":[\"https:\\\/\\\/dr-kaya.at\\\/?page_id=27\"]}]},{\"@type\":\"BreadcrumbList\",\"@id\":\"https:\\\/\\\/dr-kaya.at\\\/?page_id=27#breadcrumb\",\"itemListElement\":[{\"@type\":\"ListItem\",\"position\":1,\"name\":\"Startseite\",\"item\":\"https:\\\/\\\/dr-kaya.at\\\/\"},{\"@type\":\"ListItem\",\"position\":2,\"name\":\"Impressum\"}]},{\"@type\":\"WebSite\",\"@id\":\"https:\\\/\\\/dr-kaya.at\\\/#website\",\"url\":\"https:\\\/\\\/dr-kaya.at\\\/\",\"name\":\"Dr. med. dent. Erkan Kaya \u2013 Zahnarzt\",\"description\":\"\",\"potentialAction\":[{\"@type\":\"SearchAction\",\"target\":{\"@type\":\"EntryPoint\",\"urlTemplate\":\"https:\\\/\\\/dr-kaya.at\\\/?s={search_term_string}\"},\"query-input\":{\"@type\":\"PropertyValueSpecification\",\"valueRequired\":true,\"valueName\":\"search_term_string\"}}],\"inLanguage\":\"de\"}]}<\/script>\n<!-- \/ Yoast SEO plugin. -->","yoast_head_json":{"title":"Impressum - Dr. med. dent. Erkan Kaya \u2013 Zahnarzt","robots":{"index":"index","follow":"follow","max-snippet":"max-snippet:-1","max-image-preview":"max-image-preview:large","max-video-preview":"max-video-preview:-1"},"canonical":"https:\/\/dr-kaya.at\/?page_id=27","og_locale":"de_DE","og_type":"article","og_title":"Impressum - Dr. med. dent. Erkan Kaya \u2013 Zahnarzt","og_description":"Impressum Information gem. \u00a7 5 ECG und Offenlegung gem. \u00a7 25 MedG Diensteanbieter, Autor und Gestalter:Dr. med. dent. KAYA ErkanHerbststrasse 77-85\/10\/71160 WienTel\/Fax: 01-4925317Email: zahnarzt@dr-kaya.at Medieninhaber:Dr.med.dent. KAYA Erkan Grundlegende Richtung:Information f\u00fcr Patienten, \u00c4rzte und Interessenten die sich \u00fcber die T\u00e4tigkeit der Ordination Dr. med.dent. KAYA Erkan informieren wollen. Kammerzugeh\u00f6rigkeit:Mitglied in der Zahn\u00e4rztekammer f\u00fcr WienT\u00e4tigkeit nach Zahn\u00e4rztegesetz [&hellip;]","og_url":"https:\/\/dr-kaya.at\/?page_id=27","og_site_name":"Dr. med. dent. Erkan Kaya \u2013 Zahnarzt","article_modified_time":"2023-07-27T12:01:13+00:00","twitter_card":"summary_large_image","twitter_misc":{"Gesch\u00e4tzte Lesezeit":"2\u00a0Minuten"},"schema":{"@context":"https:\/\/schema.org","@graph":[{"@type":"WebPage","@id":"https:\/\/dr-kaya.at\/?page_id=27","url":"https:\/\/dr-kaya.at\/?page_id=27","name":"Impressum - Dr. med. dent. Erkan Kaya \u2013 Zahnarzt","isPartOf":{"@id":"https:\/\/dr-kaya.at\/#website"},"datePublished":"2023-07-04T09:33:47+00:00","dateModified":"2023-07-27T12:01:13+00:00","breadcrumb":{"@id":"https:\/\/dr-kaya.at\/?page_id=27#breadcrumb"},"inLanguage":"de","potentialAction":[{"@type":"ReadAction","target":["https:\/\/dr-kaya.at\/?page_id=27"]}]},{"@type":"BreadcrumbList","@id":"https:\/\/dr-kaya.at\/?page_id=27#breadcrumb","itemListElement":[{"@type":"ListItem","position":1,"name":"Startseite","item":"https:\/\/dr-kaya.at\/"},{"@type":"ListItem","position":2,"name":"Impressum"}]},{"@type":"WebSite","@id":"https:\/\/dr-kaya.at\/#website","url":"https:\/\/dr-kaya.at\/","name":"Dr. med. dent. Erkan Kaya \u2013 Zahnarzt","description":"","potentialAction":[{"@type":"SearchAction","target":{"@type":"EntryPoint","urlTemplate":"https:\/\/dr-kaya.at\/?s={search_term_string}"},"query-input":{"@type":"PropertyValueSpecification","valueRequired":true,"valueName":"search_term_string"}}],"inLanguage":"de"}]}},"_links":{"self":[{"href":"https:\/\/dr-kaya.at\/index.php?rest_route=\/wp\/v2\/pages\/27","targetHints":{"allow":["GET"]}}],"collection":[{"href":"https:\/\/dr-kaya.at\/index.php?rest_route=\/wp\/v2\/pages"}],"about":[{"href":"https:\/\/dr-kaya.at\/index.php?rest_route=\/wp\/v2\/types\/page"}],"author":[{"embeddable":true,"href":"https:\/\/dr-kaya.at\/index.php?rest_route=\/wp\/v2\/users\/1"}],"replies":[{"embeddable":true,"href":"https:\/\/dr-kaya.at\/index.php?rest_route=%2Fwp%2Fv2%2Fcomments&post=27"}],"version-history":[{"count":19,"href":"https:\/\/dr-kaya.at\/index.php?rest_route=\/wp\/v2\/pages\/27\/revisions"}],"predecessor-version":[{"id":627,"href":"https:\/\/dr-kaya.at\/index.php?rest_route=\/wp\/v2\/pages\/27\/revisions\/627"}],"wp:attachment":[{"href":"https:\/\/dr-kaya.at\/index.php?rest_route=%2Fwp%2Fv2%2Fmedia&parent=27"}],"curies":[{"name":"wp","href":"https:\/\/api.w.org\/{rel}","templated":true}]}}